{"id":3978,"date":"2025-04-09T15:29:39","date_gmt":"2025-04-09T15:29:39","guid":{"rendered":"https:\/\/sstechs247.com\/hausin\/?page_id=3978"},"modified":"2025-04-09T15:30:55","modified_gmt":"2025-04-09T15:30:55","slug":"hag-sondermodelle-andere","status":"publish","type":"page","link":"https:\/\/sstechs247.com\/hausin\/hag-sondermodelle-andere\/","title":{"rendered":"HAG Sondermodelle Andere"},"content":{"rendered":"\t\t<div data-elementor-type=\"wp-page\" data-elementor-id=\"3978\" class=\"elementor elementor-3978\">\n\t\t\t\t<div class=\"elementor-element elementor-element-5253433 e-flex e-con-boxed wpr-particle-no wpr-jarallax-no wpr-parallax-no wpr-sticky-section-no wpr-equal-height-no e-con e-parent\" data-id=\"5253433\" data-element_type=\"container\" data-e-type=\"container\" data-settings=\"{&quot;background_background&quot;:&quot;classic&quot;}\">\n\t\t\t\t\t<div class=\"e-con-inner\">\n\t\t<div class=\"elementor-element elementor-element-b3ad8bc e-con-full e-flex wpr-particle-no wpr-jarallax-no wpr-parallax-no wpr-sticky-section-no wpr-equal-height-no e-con e-child\" data-id=\"b3ad8bc\" data-element_type=\"container\" data-e-type=\"container\">\n\t\t\t\t<div class=\"elementor-element elementor-element-04e3b45 elementor-widget elementor-widget-heading\" data-id=\"04e3b45\" data-element_type=\"widget\" data-e-type=\"widget\" data-widget_type=\"heading.default\">\n\t\t\t\t<div class=\"elementor-widget-container\">\n\t\t\t\t\t<h1 class=\"elementor-heading-title elementor-size-default\">HAG-Sondermodelle von diversen Initianten<\/h1>\t\t\t\t<\/div>\n\t\t\t\t<\/div>\n\t\t\t\t<\/div>\n\t\t\t\t\t<\/div>\n\t\t\t\t<\/div>\n\t\t<div class=\"elementor-element elementor-element-feb1ed7 e-flex e-con-boxed wpr-particle-no wpr-jarallax-no wpr-parallax-no wpr-sticky-section-no wpr-equal-height-no e-con e-parent\" data-id=\"feb1ed7\" data-element_type=\"container\" data-e-type=\"container\">\n\t\t\t\t\t<div class=\"e-con-inner\">\n\t\t<div class=\"elementor-element elementor-element-1779df7 e-con-full e-flex wpr-particle-no wpr-jarallax-no wpr-parallax-no wpr-sticky-section-no wpr-equal-height-no e-con e-child\" data-id=\"1779df7\" data-element_type=\"container\" data-e-type=\"container\">\n\t\t<div class=\"elementor-element elementor-element-dcf64c6 e-con-full e-flex wpr-particle-no wpr-jarallax-no wpr-parallax-no wpr-sticky-section-no wpr-equal-height-no e-con e-child\" data-id=\"dcf64c6\" data-element_type=\"container\" data-e-type=\"container\">\n\t\t<div class=\"elementor-element elementor-element-8d84bc8 e-con-full e-flex wpr-particle-no wpr-jarallax-no wpr-parallax-no wpr-sticky-section-no wpr-equal-height-no e-con e-child\" data-id=\"8d84bc8\" data-element_type=\"container\" data-e-type=\"container\">\n\t\t\t\t<div class=\"elementor-element elementor-element-d9cd397 elementor-widget elementor-widget-text-editor\" data-id=\"d9cd397\" data-element_type=\"widget\" data-e-type=\"widget\" data-widget_type=\"text-editor.default\">\n\t\t\t\t<div class=\"elementor-widget-container\">\n\t\t\t\t\t\t\t\t\t<p class=\"style1 style4\">Sondermodelle werden nicht nur von den grossen, separat gelisteten Initianten oder Fachgesch\u00e4ften herausgegeben. Es gibt auch weitere Initianten, die auch einzelne oder mehrere Modelle in Auftrag gaben. Nachfolgend werden diese aufgelistet, wo sich Modelle in der Hausin-Sammlung befinden.<\/p><table border=\"1\" width=\"460\"><tbody><tr><td class=\"style5\"><strong><a href=\"https:\/\/hausin.com\/roland\/hag_somo_andere.htm#Binari9\">Binari 9<\/a><\/strong><\/td><td>\u00a0<\/td><\/tr><tr><td class=\"style5\"><strong><a href=\"https:\/\/hausin.com\/roland\/hag_somo_andere.htm#c-gleis-plus\">c-gleis-plus<\/a><\/strong><\/td><td>\u00a0<\/td><\/tr><tr><td class=\"style5\"><strong><a href=\"https:\/\/hausin.com\/roland\/hag_somo_andere.htm#Helis\">HELIS<\/a><\/strong><\/td><td>\u00a0<\/td><\/tr><tr><td class=\"style5\"><strong><a href=\"https:\/\/hausin.com\/roland\/hag_somo_andere.htm#LDH\">Loki-Depot Horw<\/a><\/strong><\/td><td>\u00a0<\/td><\/tr><tr><td class=\"style5\"><strong><a href=\"https:\/\/hausin.com\/roland\/hag_somo_andere.htm#DOSSANTOS\">Dos Santos<\/a><\/strong><\/td><td>\u00a0<\/td><\/tr><\/tbody><\/table><p class=\"style1 style4\">\u00a0<\/p><p class=\"style1 style4\"><strong><a name=\"Binari9\"><\/a>Binari 9<\/strong><\/p><p class=\"style1 style4\">Julian Br\u00fcckel und Adrian Sigron waren als Binari 9 f\u00fcr die Produktion der Lok in einer Auflage von 50 Exemplaren verantwortlich:<\/p><p class=\"style1 style4\">HAG 28410 Re 460 RailAway III:<\/p><p class=\"style1 style4\" align=\"center\"><img fetchpriority=\"high\" decoding=\"async\" src=\"https:\/\/hausin.com\/roland\/images\/H0%20full\/800\/HAG%2028410%20Re%20460%20RailAway%20III-1.JPG\" width=\"800\" height=\"358\" \/><\/p><p class=\"style1 style4\" align=\"center\"><img decoding=\"async\" src=\"https:\/\/hausin.com\/roland\/images\/H0%20full\/800\/HAG%2028410%20Re%20460%20RailAway%20III-2.JPG\" width=\"800\" height=\"365\" \/><br \/><br \/><\/p><p class=\"style1 style4\" align=\"left\"><strong><a name=\"c-gleis-plus\"><\/a>c-gleis-plus<\/strong><\/p><p class=\"style1 style4\">Andr\u00e9 Bregenzer von c-gleis-plus ist ja nicht nur ein aktiver und inovativer Moba-H\u00e4ndler. Er hat auch schon Sondermodelle herausgegeben. Es w\u00e4ren da die<\/p><p class=\"style1 style4\">HAG S-28283 Re 460 FCB:<\/p><p class=\"style1 style4\" align=\"center\"><img decoding=\"async\" src=\"https:\/\/hausin.com\/roland\/images\/H0%20full\/800\/HAG%20S-28283%20Re%20460%20FCB.JPG\" width=\"800\" height=\"367\" \/><\/p><p class=\"style1 style4\" align=\"left\">HAG S-28284 FC St. Gallen:<\/p><p class=\"style1 style4\" align=\"center\"><img loading=\"lazy\" decoding=\"async\" src=\"https:\/\/hausin.com\/roland\/images\/H0%20full\/800\/HAG%20S-28284%20Re%20460%20FCSG%201.JPG\" width=\"800\" height=\"357\" \/><\/p><p class=\"style1 style4\" align=\"left\">HAG S-28307 YB:<\/p><p class=\"style1 style4\" align=\"center\"><img loading=\"lazy\" decoding=\"async\" src=\"https:\/\/hausin.com\/roland\/images\/H0%20full\/800\/HAG%20S-28307%20Re%20460%20YB.JPG\" width=\"800\" height=\"376\" \/><\/p><p class=\"style1 style4\">\u00a0<\/p><p class=\"style1 style4\"><strong><a name=\"HELIS\"><\/a>HELIS<\/strong><\/p><p class=\"style1 style4\">HAG 16216 Re 4\/4 II<\/p><p class=\"style1 style4\" align=\"center\"><img loading=\"lazy\" decoding=\"async\" src=\"https:\/\/hausin.com\/roland\/images\/H0%20full\/800\/HAG%2016216%20Re%204-4%20II%20Helis.jpg\" width=\"800\" height=\"401\" \/><\/p><p class=\"style1 style4\">\u00a0<\/p><p class=\"style1 style4\"><strong><a name=\"LDH\"><\/a>Loki-Depot Horw<\/strong><\/p><p class=\"style1 style4\">Vom Loki-Depot Horw stammen diverse HAG Farbmuster-Loks. Roland Niggli hat aber auch eigene Creationen erstellt. In der Hausin-Sammlung befinden sich z.B. die<\/p><p class=\"style1 style4\">HAG S-28282 Re 460 FC Luzern:<\/p><p class=\"style1 style4\" align=\"center\"><img loading=\"lazy\" decoding=\"async\" src=\"https:\/\/hausin.com\/roland\/images\/H0%20full\/800\/HAG%20S-28282%20Re%20460%20FCL%201.JPG\" width=\"800\" height=\"369\" \/><\/p><p class=\"style1 style4\" align=\"center\"><img loading=\"lazy\" decoding=\"async\" src=\"https:\/\/hausin.com\/roland\/images\/H0%20full\/800\/HAG%20S-28282%20Re%20460%20FCL%202.JPG\" width=\"800\" height=\"353\" \/><\/p><p class=\"style1 style4\" align=\"left\">Zu den LDW-Modellen geh\u00f6rt eigentlich auch das weisse Gottardo-Set bestehend aus Re 4\/4 II und Re 460 mit der Gottardo Beschriftung, denn die Finanzierung und der Verkauf dieses Sets erfolgte exklusiv \u00fcber das Loki-Depot Horw.<\/p><p class=\"style1 style4\" align=\"left\">\u00a0<\/p><p class=\"style1 style4\" align=\"left\"><strong><a name=\"DOSSANTOS\"><\/a>DOS SANTOS<\/strong><\/p><p class=\"style1 style4\" align=\"left\">Der (ehemalige) HAG Mitarbeiter Elias dos Santos fertigte in Eigenregie auch eine Spezial-Version an, n\u00e4mlich die Re 460 VHS Alpenqueren in gelber Farbe:<\/p><p class=\"style1 style4\" align=\"center\"><img loading=\"lazy\" decoding=\"async\" src=\"https:\/\/hausin.com\/roland\/images\/H0%20full\/800\/HAG%20Dos%20Santos%20280%20Re%20460%20Alpenqueren%20VHS.JPG\" width=\"800\" height=\"341\" \/><\/p>\t\t\t\t\t\t\t\t<\/div>\n\t\t\t\t<\/div>\n\t\t\t\t<\/div>\n\t\t\t\t<\/div>\n\t\t\t\t<\/div>\n\t\t\t\t\t<\/div>\n\t\t\t\t<\/div>\n\t\t\t\t<\/div>\n\t\t","protected":false},"excerpt":{"rendered":"<p>HAG-Sondermodelle von diversen Initianten Sondermodelle werden nicht nur von den grossen, separat gelisteten Initianten oder Fachgesch\u00e4ften herausgegeben. Es gibt auch weitere Initianten, die auch einzelne oder mehrere Modelle in Auftrag<\/p>\n","protected":false},"author":1,"featured_media":0,"parent":0,"menu_order":0,"comment_status":"closed","ping_status":"closed","template":"elementor_header_footer","meta":{"breadcrumbs_single_post":"","page_title_panel":"","breadcrumbs_single_page":"","single_page_alignment":"","single_page_margin":"","page_structure_type":"","content_style_source":"","content_style":"","blog_post_streched_ed":"","blog_page_streched_ed":"","has_transparent_header":"","disable_transparent_header":"","vertical_spacing_source":"","content_area_spacing":"","single_post_content_background":"","single_page_content_background":"","single_post_boxed_content_spacing":"","single_page_boxed_content_spacing":"","single_post_content_boxed_radius":"","single_page_content_boxed_radius":"","disable_featured_image":"","disable_post_tags":"","disable_author_box":"","disable_posts_navigation":"","disable_comments":"","disable_related_posts":"","disable_header":"","disable_footer":"","footnotes":""},"class_list":["post-3978","page","type-page","status-publish","hentry","rishi-post","no-post-thumbnail"],"_links":{"self":[{"href":"https:\/\/sstechs247.com\/hausin\/wp-json\/wp\/v2\/pages\/3978","targetHints":{"allow":["GET"]}}],"collection":[{"href":"https:\/\/sstechs247.com\/hausin\/wp-json\/wp\/v2\/pages"}],"about":[{"href":"https:\/\/sstechs247.com\/hausin\/wp-json\/wp\/v2\/types\/page"}],"author":[{"embeddable":true,"href":"https:\/\/sstechs247.com\/hausin\/wp-json\/wp\/v2\/users\/1"}],"replies":[{"embeddable":true,"href":"https:\/\/sstechs247.com\/hausin\/wp-json\/wp\/v2\/comments?post=3978"}],"version-history":[{"count":4,"href":"https:\/\/sstechs247.com\/hausin\/wp-json\/wp\/v2\/pages\/3978\/revisions"}],"predecessor-version":[{"id":3982,"href":"https:\/\/sstechs247.com\/hausin\/wp-json\/wp\/v2\/pages\/3978\/revisions\/3982"}],"wp:attachment":[{"href":"https:\/\/sstechs247.com\/hausin\/wp-json\/wp\/v2\/media?parent=3978"}],"curies":[{"name":"wp","href":"https:\/\/api.w.org\/{rel}","templated":true}]}}