{"id":3963,"date":"2025-04-09T15:24:52","date_gmt":"2025-04-09T15:24:52","guid":{"rendered":"https:\/\/sstechs247.com\/hausin\/?page_id=3963"},"modified":"2025-04-09T15:26:00","modified_gmt":"2025-04-09T15:26:00","slug":"hag-loks-swiss-express-serie","status":"publish","type":"page","link":"https:\/\/sstechs247.com\/hausin\/hag-loks-swiss-express-serie\/","title":{"rendered":"HAG Loks Swiss Express Serie"},"content":{"rendered":"\t\t<div data-elementor-type=\"wp-page\" data-elementor-id=\"3963\" class=\"elementor elementor-3963\">\n\t\t\t\t<div class=\"elementor-element elementor-element-5253433 e-flex e-con-boxed wpr-particle-no wpr-jarallax-no wpr-parallax-no wpr-sticky-section-no wpr-equal-height-no e-con e-parent\" data-id=\"5253433\" data-element_type=\"container\" data-e-type=\"container\" data-settings=\"{&quot;background_background&quot;:&quot;classic&quot;}\">\n\t\t\t\t\t<div class=\"e-con-inner\">\n\t\t<div class=\"elementor-element elementor-element-b3ad8bc e-con-full e-flex wpr-particle-no wpr-jarallax-no wpr-parallax-no wpr-sticky-section-no wpr-equal-height-no e-con e-child\" data-id=\"b3ad8bc\" data-element_type=\"container\" data-e-type=\"container\">\n\t\t\t\t<div class=\"elementor-element elementor-element-04e3b45 elementor-widget elementor-widget-heading\" data-id=\"04e3b45\" data-element_type=\"widget\" data-e-type=\"widget\" data-widget_type=\"heading.default\">\n\t\t\t\t<div class=\"elementor-widget-container\">\n\t\t\t\t\t<h1 class=\"elementor-heading-title elementor-size-default\">HAG-Modelle - Swiss Express Serie<\/h1>\t\t\t\t<\/div>\n\t\t\t\t<\/div>\n\t\t\t\t<\/div>\n\t\t\t\t\t<\/div>\n\t\t\t\t<\/div>\n\t\t<div class=\"elementor-element elementor-element-feb1ed7 e-flex e-con-boxed wpr-particle-no wpr-jarallax-no wpr-parallax-no wpr-sticky-section-no wpr-equal-height-no e-con e-parent\" data-id=\"feb1ed7\" data-element_type=\"container\" data-e-type=\"container\">\n\t\t\t\t\t<div class=\"e-con-inner\">\n\t\t<div class=\"elementor-element elementor-element-1779df7 e-con-full e-flex wpr-particle-no wpr-jarallax-no wpr-parallax-no wpr-sticky-section-no wpr-equal-height-no e-con e-child\" data-id=\"1779df7\" data-element_type=\"container\" data-e-type=\"container\">\n\t\t<div class=\"elementor-element elementor-element-dcf64c6 e-con-full e-flex wpr-particle-no wpr-jarallax-no wpr-parallax-no wpr-sticky-section-no wpr-equal-height-no e-con e-child\" data-id=\"dcf64c6\" data-element_type=\"container\" data-e-type=\"container\">\n\t\t<div class=\"elementor-element elementor-element-8d84bc8 e-con-full e-flex wpr-particle-no wpr-jarallax-no wpr-parallax-no wpr-sticky-section-no wpr-equal-height-no e-con e-child\" data-id=\"8d84bc8\" data-element_type=\"container\" data-e-type=\"container\">\n\t\t\t\t<div class=\"elementor-element elementor-element-d9cd397 elementor-widget elementor-widget-text-editor\" data-id=\"d9cd397\" data-element_type=\"widget\" data-e-type=\"widget\" data-widget_type=\"text-editor.default\">\n\t\t\t\t<div class=\"elementor-widget-container\">\n\t\t\t\t\t\t\t\t\t<p class=\"style1 style4\">Eine der Klassiker Loks von HAG ist sicher die Re 4\/4 II in der orange\/weiss\/orange Bemalung, dem sogenannten Swiss Express Design. Die erste Version erschien im Jahre 1972. Es war die lok mit runden Lampen und einem Scheren-Panto.<\/p><p class=\"style1 style4\" align=\"center\"><img fetchpriority=\"high\" decoding=\"async\" src=\"https:\/\/hausin.com\/roland\/images\/H0%20full\/800\/HAG%20210%20Re%2044%20II%20Swiss%20Express.JPG\" width=\"800\" height=\"429\" \/><\/p><p class=\"style1 style4\">Als eine der Varianten kam die Einholm Re 4\/4 II:<\/p><p class=\"style1 style4\" align=\"center\"><img decoding=\"async\" src=\"https:\/\/hausin.com\/roland\/images\/H0%20full\/800\/Hag%20210.02%20Re%2044%20Swiss%20Express.jpg\" width=\"800\" height=\"395\" \/><\/p><p class=\"style1 style4\" align=\"left\">Walter Osterwalder und Peter Rosskopf (HAG-Reisen) liessen 2008 die Re 460 Swiss Express in einer Gesamtauflage von 50 Exemplare (davon 10 mit Brille um die F\u00fchrerstandsfenster), nummeriertes Zertifikat mit Name des K\u00e4ufers und Gravur auf Chassis herstellen.<\/p><p class=\"style1 style4\" align=\"center\"><img decoding=\"async\" src=\"https:\/\/hausin.com\/roland\/images\/H0%20full\/800\/Hag%20280%20Re%20460%20Swiss%20Express.JPG\" width=\"800\" height=\"294\" \/><\/p><p class=\"style1 style4\">\u00a0<\/p><p class=\"style1 style4\">Im Juli 2019 folgte als Sondermodell eine Klein-Serie der Ae 6\/6. Produziert wurden 8 Exemplare:<\/p><p class=\"style1 style4\" align=\"center\"><img loading=\"lazy\" decoding=\"async\" src=\"https:\/\/hausin.com\/roland\/images\/H0%20full\/800\/HAG%20M-11100%20Ae%206-6%20Nyon%20Swiss%20Express.JPG%20H1.jpg\" width=\"800\" height=\"335\" \/><\/p><p class=\"style1 style4\">Ganz unt\u00e4tig waren wir dann auch nicht. SOBA stellte dann auf vielf\u00e4ltigen Wunsch eines Einzelnen(man darf raten, wer das ist) auf Basis HAG das Swiss Express Trakt\u00f6rli her:<\/p><p class=\"style1 style4\" align=\"center\"><img loading=\"lazy\" decoding=\"async\" src=\"https:\/\/hausin.com\/roland\/images\/H0%20full\/800\/HAG%20SOBA%20131%20Te%20Swiss%20Express.jpg\" width=\"800\" height=\"758\" \/><\/p><p class=\"style1 style4\">\u00a0<\/p><p class=\"style1 style4\">Dazu gesellte sich auch noch die Re 4\/4 I Swiss Express, ebenfalls von SOBA (Initiant Marino am Rhyn):<\/p><p class=\"style1 style4\" align=\"center\"><img loading=\"lazy\" decoding=\"async\" src=\"https:\/\/hausin.com\/roland\/images\/H0%20full\/800\/HAG%20SOBA%20220%20Re%2044%20I%20SwissExpress.jpg\" width=\"800\" height=\"437\" \/><\/p><p class=\"style1 style4\">\u00a0<\/p><p class=\"style1 style4\">Dazu gesellte sich auch noch die Re 4\/4 IV Swiss Express, ebenfalls von SOBA:<\/p><p class=\"style1 style4\" align=\"center\"><img loading=\"lazy\" decoding=\"async\" src=\"https:\/\/hausin.com\/roland\/images\/H0%20full\/800\/HAG%20SOBA%20092%20Re%2044%20IV%20Swiss%20Express.JPG\" width=\"800\" height=\"427\" \/><\/p><p class=\"style1 style4\" align=\"center\">\u00a0<\/p><p class=\"style1 style4\" align=\"left\">c-gleis plus liess anfangs 2024 eine numerierte Serie von 63 Modellen (58 1. Wahl, 5 2. Wahl) herstellen. Die Serie war innert 2 Wochen ausverkauft! Dank Andr\u00e9 stiess die Nummer 6 zur Hausin-Sammlung<\/p><p class=\"style1 style4\" align=\"center\"><img loading=\"lazy\" decoding=\"async\" src=\"https:\/\/hausin.com\/roland\/images\/H0%20full\/800\/HAG%2016243%20Re%20420%20Swiss%20Express.JPG\" width=\"800\" height=\"401\" \/><\/p><p class=\"style1 style4\">\u00a0<\/p><p class=\"style1 style4\">\u00a0<\/p><p class=\"style1 style4\">Was uns jetzt noch f\u00fcr die Komplettierung der Serie fehlt sind noch die<\/p><p class=\"style1 style4\">&#8211; Ae 8\/8<\/p><p class=\"style1 style4\">&#8211; Ae 4\/4<\/p><p class=\"style1 style4\">&#8211; Re 6\/6<\/p><p class=\"style1 style4\">Wer weiss, vielleicht kommt da noch irgendwann ein solches Sondermodell &#8230;.<\/p>\t\t\t\t\t\t\t\t<\/div>\n\t\t\t\t<\/div>\n\t\t\t\t<\/div>\n\t\t\t\t<\/div>\n\t\t\t\t<\/div>\n\t\t\t\t\t<\/div>\n\t\t\t\t<\/div>\n\t\t\t\t<\/div>\n\t\t","protected":false},"excerpt":{"rendered":"<p>HAG-Modelle &#8211; Swiss Express Serie Eine der Klassiker Loks von HAG ist sicher die Re 4\/4 II in der orange\/weiss\/orange Bemalung, dem sogenannten Swiss Express Design. Die erste Version erschien<\/p>\n","protected":false},"author":1,"featured_media":0,"parent":0,"menu_order":0,"comment_status":"closed","ping_status":"closed","template":"elementor_header_footer","meta":{"breadcrumbs_single_post":"","page_title_panel":"","breadcrumbs_single_page":"","single_page_alignment":"","single_page_margin":"","page_structure_type":"","content_style_source":"","content_style":"","blog_post_streched_ed":"","blog_page_streched_ed":"","has_transparent_header":"","disable_transparent_header":"","vertical_spacing_source":"","content_area_spacing":"","single_post_content_background":"","single_page_content_background":"","single_post_boxed_content_spacing":"","single_page_boxed_content_spacing":"","single_post_content_boxed_radius":"","single_page_content_boxed_radius":"","disable_featured_image":"","disable_post_tags":"","disable_author_box":"","disable_posts_navigation":"","disable_comments":"","disable_related_posts":"","disable_header":"","disable_footer":"","footnotes":""},"class_list":["post-3963","page","type-page","status-publish","hentry","rishi-post","no-post-thumbnail"],"_links":{"self":[{"href":"https:\/\/sstechs247.com\/hausin\/wp-json\/wp\/v2\/pages\/3963","targetHints":{"allow":["GET"]}}],"collection":[{"href":"https:\/\/sstechs247.com\/hausin\/wp-json\/wp\/v2\/pages"}],"about":[{"href":"https:\/\/sstechs247.com\/hausin\/wp-json\/wp\/v2\/types\/page"}],"author":[{"embeddable":true,"href":"https:\/\/sstechs247.com\/hausin\/wp-json\/wp\/v2\/users\/1"}],"replies":[{"embeddable":true,"href":"https:\/\/sstechs247.com\/hausin\/wp-json\/wp\/v2\/comments?post=3963"}],"version-history":[{"count":4,"href":"https:\/\/sstechs247.com\/hausin\/wp-json\/wp\/v2\/pages\/3963\/revisions"}],"predecessor-version":[{"id":3967,"href":"https:\/\/sstechs247.com\/hausin\/wp-json\/wp\/v2\/pages\/3963\/revisions\/3967"}],"wp:attachment":[{"href":"https:\/\/sstechs247.com\/hausin\/wp-json\/wp\/v2\/media?parent=3963"}],"curies":[{"name":"wp","href":"https:\/\/api.w.org\/{rel}","templated":true}]}}