{"id":3958,"date":"2025-04-09T15:23:34","date_gmt":"2025-04-09T15:23:34","guid":{"rendered":"https:\/\/sstechs247.com\/hausin\/?page_id=3958"},"modified":"2025-04-09T15:24:36","modified_gmt":"2025-04-09T15:24:36","slug":"hag-loks-schwarze-serie","status":"publish","type":"page","link":"https:\/\/sstechs247.com\/hausin\/hag-loks-schwarze-serie\/","title":{"rendered":"HAG Loks schwarze Serie"},"content":{"rendered":"\t\t<div data-elementor-type=\"wp-page\" data-elementor-id=\"3958\" class=\"elementor elementor-3958\">\n\t\t\t\t<div class=\"elementor-element elementor-element-5253433 e-flex e-con-boxed wpr-particle-no wpr-jarallax-no wpr-parallax-no wpr-sticky-section-no wpr-equal-height-no e-con e-parent\" data-id=\"5253433\" data-element_type=\"container\" data-e-type=\"container\" data-settings=\"{&quot;background_background&quot;:&quot;classic&quot;}\">\n\t\t\t\t\t<div class=\"e-con-inner\">\n\t\t<div class=\"elementor-element elementor-element-b3ad8bc e-con-full e-flex wpr-particle-no wpr-jarallax-no wpr-parallax-no wpr-sticky-section-no wpr-equal-height-no e-con e-child\" data-id=\"b3ad8bc\" data-element_type=\"container\" data-e-type=\"container\">\n\t\t\t\t<div class=\"elementor-element elementor-element-04e3b45 elementor-widget elementor-widget-heading\" data-id=\"04e3b45\" data-element_type=\"widget\" data-e-type=\"widget\" data-widget_type=\"heading.default\">\n\t\t\t\t<div class=\"elementor-widget-container\">\n\t\t\t\t\t<h1 class=\"elementor-heading-title elementor-size-default\"> HAG-Modelle - schwarze Serie<\/h1>\t\t\t\t<\/div>\n\t\t\t\t<\/div>\n\t\t\t\t<\/div>\n\t\t\t\t\t<\/div>\n\t\t\t\t<\/div>\n\t\t<div class=\"elementor-element elementor-element-feb1ed7 e-flex e-con-boxed wpr-particle-no wpr-jarallax-no wpr-parallax-no wpr-sticky-section-no wpr-equal-height-no e-con e-parent\" data-id=\"feb1ed7\" data-element_type=\"container\" data-e-type=\"container\">\n\t\t\t\t\t<div class=\"e-con-inner\">\n\t\t<div class=\"elementor-element elementor-element-1779df7 e-con-full e-flex wpr-particle-no wpr-jarallax-no wpr-parallax-no wpr-sticky-section-no wpr-equal-height-no e-con e-child\" data-id=\"1779df7\" data-element_type=\"container\" data-e-type=\"container\">\n\t\t<div class=\"elementor-element elementor-element-dcf64c6 e-con-full e-flex wpr-particle-no wpr-jarallax-no wpr-parallax-no wpr-sticky-section-no wpr-equal-height-no e-con e-child\" data-id=\"dcf64c6\" data-element_type=\"container\" data-e-type=\"container\">\n\t\t<div class=\"elementor-element elementor-element-8d84bc8 e-con-full e-flex wpr-particle-no wpr-jarallax-no wpr-parallax-no wpr-sticky-section-no wpr-equal-height-no e-con e-child\" data-id=\"8d84bc8\" data-element_type=\"container\" data-e-type=\"container\">\n\t\t\t\t<div class=\"elementor-element elementor-element-d9cd397 elementor-widget elementor-widget-text-editor\" data-id=\"d9cd397\" data-element_type=\"widget\" data-e-type=\"widget\" data-widget_type=\"text-editor.default\">\n\t\t\t\t<div class=\"elementor-widget-container\">\n\t\t\t\t\t\t\t\t\t<p class=\"style1 style4\">Vor l\u00e4ngerer Zeit gab&#8217;s mal eine Kleinserie von ca. 10 Exemplaren als Variante der Re 460 La Gruy\u00e8re in mattschwarz. Das mattschwarz \u00fcberzeugte uns aber nicht so richtig.<\/p><p class=\"style1 style4\" align=\"center\"><img fetchpriority=\"high\" decoding=\"async\" src=\"https:\/\/hausin.com\/roland\/images\/H0%20full\/800\/Hag%20280.63%20Re%20460%20Gruyere%20mattschwarz%20.JPG\" width=\"800\" height=\"350\" \/><\/p><p class=\"style1 style4\">Zolli Bolli erschien im Februar 08 dann mit der Re 4\/4 II (Kleinserie von 10 St\u00fcck, davon 6 WS und 4 GS) in glanzschwarz, ein wirklich wunderpr\u00e4chtiges &#8211; da auch farblich ein absolutes Novum &#8211; Modell. Allerdings ist das Ding furchterregend empfindlich, die Lok darf kaum &#8220;b\u00f6se angeschaut werden&#8221; schon bleiben Abdr\u00fccke im Klarlack.<\/p><p class=\"style1 style4\" align=\"center\"><img decoding=\"async\" src=\"https:\/\/hausin.com\/roland\/images\/H0%20full\/800\/Hag%2016500%20Re%2044%20schwarz.JPG\" width=\"800\" height=\"384\" \/><\/p><p class=\"style1 style4\">\u00a0<\/p><p class=\"style1 style4\">Uns liess dann die Idee einer glanzschwarzen Re 460 nicht los. Andr\u00e9 Germanier reservierte dann bei Hag ein glanzschwarzes Sondermodell und erhielt bereits die Katalog-Nummer zugeteilt. Es stellte sich heraus, dass Zolli Bolli eine sehr \u00e4hnliche Idee auch hatte, also wurde zusammengespannt resp. Zolli Bolli den Vortritt gelassen. Die wunderpr\u00e4chtige Lok wurde von Zolli Bolli am 5. Dezember 08 in einer Auflage von 20 St\u00fcck (15 WS und 5 GS) herausgegeben. Andi und Roland konnten die ersten Loks anl\u00e4sslich der Hag-Reise ins Appenzellerland gleich abholen. Als Gag wurden der Lok ein weisses Paar Handschuhe beigelegt.<\/p><p class=\"style1 style4\" align=\"center\"><img decoding=\"async\" src=\"https:\/\/hausin.com\/roland\/images\/H0%20full\/Hag%20280%20Re%20460%20ZolliBolli.jpg\" width=\"800\" height=\"293\" \/><\/p><p class=\"style1 style4\">\u00a0<\/p><p class=\"style1 style4\">Im Februar 09 wurde dann noch ein inoffizielles schwarzes, zweimotoriges &#8220;Feierabendmodell&#8221; der Ae 8\/8 produziert, aber vermutlich nur in zwei Exemplaren. Nach dem was die beste aller Hag-Informationsquellen in Erfahrung bringen konnte, handelt es sich um &#8220;normalschwarze&#8221; Modelle.<\/p><p class=\"style1 style4\">Im Juli 09 kam auf Initiative von Andi die glanzschwarze Re 465 (mit weisser Bedruckung) in einer Serie von 25 St\u00fcck. Die Numerierung lautete xx\/30. Hier in der Sammlung befindet sich Nummer 6\/30&#8230;.<\/p><p class=\"style1 style4\" align=\"center\"><img loading=\"lazy\" decoding=\"async\" src=\"https:\/\/hausin.com\/roland\/images\/H0%20full\/Hag%2028529%20Re%20465%20Gornergrat%20schwarz.jpg\" width=\"800\" height=\"295\" \/><\/p><p class=\"style1 style4\">\u00a0<\/p><p class=\"style1 style4\">Der Grund f\u00fcr die Numerierung war, dass dazu noch 5 St\u00fcck in der roten statt weissen Bedruckung kamen und die wurden ab Nr. 25 bezeichnet. In der Sammlung befindet sich Nummer 25\/30.<\/p><p class=\"style1 style4\" align=\"center\"><img loading=\"lazy\" decoding=\"async\" src=\"https:\/\/hausin.com\/roland\/images\/H0%20full\/Hag%2028530%20Re%20465%20Gornergrat%20rot%20schwarz.jpg\" width=\"800\" height=\"308\" \/><\/p><p class=\"style1 style4\">\u00a0<\/p><p class=\"style1 style4\">Im Oktober 09 gab&#8217;s dann noch einen &#8220;Doppelschlag&#8221; mit der Ae 6\/6 Kantonslok Wallis und der Re 6\/6 Monthey in glanzschwarz. Die Ae 6\/6 mit einer Auflage von 20 (15 WS, 5 GS) erhielt dann auch den Beinamen &#8220;Die sch\u00f6ne Schwarze&#8221;. Zugegebenermassen ist das wirklich ein sehr sch\u00f6nes Modell, aber sch\u00f6ne Schwarze sind eigentlich alle hier abgebildeten Loks.<\/p><p class=\"style1 style4\" align=\"center\"><img loading=\"lazy\" decoding=\"async\" src=\"https:\/\/hausin.com\/roland\/images\/H0%20full\/Hag%20128%20Ae%2066%20schwarz.JPG\" width=\"800\" height=\"360\" \/><\/p><p class=\"style1 style4\" align=\"center\"><img loading=\"lazy\" decoding=\"async\" src=\"https:\/\/hausin.com\/roland\/images\/H0%20full\/Hag%20203%20Re%2066%20schwarz.JPG\" width=\"800\" height=\"304\" \/><\/p><p class=\"style1 style4\">\u00a0<\/p><p class=\"style1 style4\">Andi Germanier beschritt noch einen neuen Weg. Er liess zwei Exemplare einer schwarz-verchromten Re 4\/4 III herstellen &#8211; eine echte &#8220;schwarze Perle&#8221;:<\/p><p class=\"style1 style4\" align=\"center\"><img loading=\"lazy\" decoding=\"async\" src=\"https:\/\/hausin.com\/roland\/images\/H0%20full\/800\/Hag%2016232%20Re%2044%20III%20schwarz.JPG\" width=\"800\" height=\"451\" \/><\/p><p class=\"style1 style4\" align=\"left\">Zur schwarzen Serie passend ist auch ein weiteres prachtvolles &#8220;Werk&#8221; von Andi zu erw\u00e4hnen. Von der am 7.12.13 ausgelieferten schwarz-verchromten Ae 6\/6 Fl\u00fcelen wurden 5 Exemplare hergestellt &#8211; nat\u00fcrlich zusammen mit den obligaten weissen Handschuhen ausgeh\u00e4ndigt:<\/p><p class=\"style1 style4\" align=\"center\"><img loading=\"lazy\" decoding=\"async\" src=\"https:\/\/hausin.com\/roland\/images\/H0%20full\/800\/HAG%20S-11132-31%20Ae%2066%20schwarz%20chrom.JPG\" width=\"800\" height=\"337\" \/><\/p><p class=\"style1 style4\" align=\"left\">Als \u00dcberbleibsel aus der Moba-T\u00e4tigkeit von Andr\u00e9 Germanier war noch ein Modell mit schwarz-verzinktem Geh\u00e4use \u00fcbrig. Roland realisierte das Projekt unter Mithilfe von Andi, Schwiegersohn Roli, Roger, Bruno und der HAG-Crew. Erstellt wurden 8 Loks mit galvanisch behandeltem Geh\u00e4use plus drei gemalte der Ae 6\/6 Vallorbe.<\/p><p class=\"style1 style4\" align=\"center\"><img loading=\"lazy\" decoding=\"async\" src=\"https:\/\/hausin.com\/roland\/images\/H0%20full\/800\/HAG%20S-11185%20Ae%2066%20Vallorbe%20b.jpeg\" width=\"800\" height=\"325\" \/><\/p><p class=\"style1 style4\" align=\"left\">Von Sonja und Michi stammt diese &#8220;schwarze Sch\u00f6nheit&#8221;, ein HAG-Traktor ganz in Schwarz:<\/p><p class=\"style1 style4\" align=\"center\"><img loading=\"lazy\" decoding=\"async\" src=\"https:\/\/hausin.com\/roland\/images\/H0%20full\/800\/HAG%20SOBA%20131%20Te%20101%20schwarz.JPG\" width=\"800\" height=\"750\" \/><\/p><p class=\"style1 style4\" align=\"center\">\u00a0<\/p><p class=\"style1 style4\" align=\"left\">Als Versuch produzierten wir (K\u00e4lin\/Iten\/Hausin) eine schwarzverzinkte Re 456 (Resultat nicht befriedigend, Blasenbildung):<\/p><p class=\"style1 style4\" align=\"center\"><img loading=\"lazy\" decoding=\"async\" src=\"https:\/\/hausin.com\/roland\/images\/H0%20full\/800\/HAG%20186%20Re%2044%20IV%20schwarz%202.JPG\" width=\"800\" height=\"444\" \/><\/p>\t\t\t\t\t\t\t\t<\/div>\n\t\t\t\t<\/div>\n\t\t\t\t<\/div>\n\t\t\t\t<\/div>\n\t\t\t\t<\/div>\n\t\t\t\t\t<\/div>\n\t\t\t\t<\/div>\n\t\t\t\t<\/div>\n\t\t","protected":false},"excerpt":{"rendered":"<p>HAG-Modelle &#8211; schwarze Serie Vor l\u00e4ngerer Zeit gab&#8217;s mal eine Kleinserie von ca. 10 Exemplaren als Variante der Re 460 La Gruy\u00e8re in mattschwarz. Das mattschwarz \u00fcberzeugte uns aber nicht<\/p>\n","protected":false},"author":1,"featured_media":0,"parent":0,"menu_order":0,"comment_status":"closed","ping_status":"closed","template":"elementor_header_footer","meta":{"breadcrumbs_single_post":"","page_title_panel":"","breadcrumbs_single_page":"","single_page_alignment":"","single_page_margin":"","page_structure_type":"","content_style_source":"","content_style":"","blog_post_streched_ed":"","blog_page_streched_ed":"","has_transparent_header":"","disable_transparent_header":"","vertical_spacing_source":"","content_area_spacing":"","single_post_content_background":"","single_page_content_background":"","single_post_boxed_content_spacing":"","single_page_boxed_content_spacing":"","single_post_content_boxed_radius":"","single_page_content_boxed_radius":"","disable_featured_image":"","disable_post_tags":"","disable_author_box":"","disable_posts_navigation":"","disable_comments":"","disable_related_posts":"","disable_header":"","disable_footer":"","footnotes":""},"class_list":["post-3958","page","type-page","status-publish","hentry","rishi-post","no-post-thumbnail"],"_links":{"self":[{"href":"https:\/\/sstechs247.com\/hausin\/wp-json\/wp\/v2\/pages\/3958","targetHints":{"allow":["GET"]}}],"collection":[{"href":"https:\/\/sstechs247.com\/hausin\/wp-json\/wp\/v2\/pages"}],"about":[{"href":"https:\/\/sstechs247.com\/hausin\/wp-json\/wp\/v2\/types\/page"}],"author":[{"embeddable":true,"href":"https:\/\/sstechs247.com\/hausin\/wp-json\/wp\/v2\/users\/1"}],"replies":[{"embeddable":true,"href":"https:\/\/sstechs247.com\/hausin\/wp-json\/wp\/v2\/comments?post=3958"}],"version-history":[{"count":4,"href":"https:\/\/sstechs247.com\/hausin\/wp-json\/wp\/v2\/pages\/3958\/revisions"}],"predecessor-version":[{"id":3962,"href":"https:\/\/sstechs247.com\/hausin\/wp-json\/wp\/v2\/pages\/3958\/revisions\/3962"}],"wp:attachment":[{"href":"https:\/\/sstechs247.com\/hausin\/wp-json\/wp\/v2\/media?parent=3958"}],"curies":[{"name":"wp","href":"https:\/\/api.w.org\/{rel}","templated":true}]}}

<div data-elementor-type="wp-page" data-elementor-id="3958" class="elementor elementor-3958">
				<div class="elementor-element elementor-element-5253433 e-flex e-con-boxed wpr-particle-no wpr-jarallax-no wpr-parallax-no wpr-sticky-section-no wpr-equal-height-no e-con e-parent" data-id="5253433" data-element_type="container" data-e-type="container" data-settings="{&quot;background_background&quot;:&quot;classic&quot;}">
					<div class="e-con-inner">
		<div class="elementor-element elementor-element-b3ad8bc e-con-full e-flex wpr-particle-no wpr-jarallax-no wpr-parallax-no wpr-sticky-section-no wpr-equal-height-no e-con e-child" data-id="b3ad8bc" data-element_type="container" data-e-type="container">
				<div class="elementor-element elementor-element-04e3b45 elementor-widget elementor-widget-heading" data-id="04e3b45" data-element_type="widget" data-e-type="widget" data-widget_type="heading.default">
				<div class="elementor-widget-container">
					<h1 class="elementor-heading-title elementor-size-default"> HAG-Modelle - schwarze Serie</h1>				</div>
				</div>
				</div>
					</div>
				</div>
		<div class="elementor-element elementor-element-feb1ed7 e-flex e-con-boxed wpr-particle-no wpr-jarallax-no wpr-parallax-no wpr-sticky-section-no wpr-equal-height-no e-con e-parent" data-id="feb1ed7" data-element_type="container" data-e-type="container">
					<div class="e-con-inner">
		<div class="elementor-element elementor-element-1779df7 e-con-full e-flex wpr-particle-no wpr-jarallax-no wpr-parallax-no wpr-sticky-section-no wpr-equal-height-no e-con e-child" data-id="1779df7" data-element_type="container" data-e-type="container">
		<div class="elementor-element elementor-element-dcf64c6 e-con-full e-flex wpr-particle-no wpr-jarallax-no wpr-parallax-no wpr-sticky-section-no wpr-equal-height-no e-con e-child" data-id="dcf64c6" data-element_type="container" data-e-type="container">
		<div class="elementor-element elementor-element-8d84bc8 e-con-full e-flex wpr-particle-no wpr-jarallax-no wpr-parallax-no wpr-sticky-section-no wpr-equal-height-no e-con e-child" data-id="8d84bc8" data-element_type="container" data-e-type="container">
				<div class="elementor-element elementor-element-d9cd397 elementor-widget elementor-widget-text-editor" data-id="d9cd397" data-element_type="widget" data-e-type="widget" data-widget_type="text-editor.default">
				<div class="elementor-widget-container">
									<p class="style1 style4">Vor längerer Zeit gab&#8217;s mal eine Kleinserie von ca. 10 Exemplaren als Variante der Re 460 La Gruyère in mattschwarz. Das mattschwarz überzeugte uns aber nicht so richtig.</p><p class="style1 style4" align="center"><img fetchpriority="high" decoding="async" src="https://hausin.com/roland/images/H0%20full/800/Hag%20280.63%20Re%20460%20Gruyere%20mattschwarz%20.JPG" width="800" height="350" /></p><p class="style1 style4">Zolli Bolli erschien im Februar 08 dann mit der Re 4/4 II (Kleinserie von 10 Stück, davon 6 WS und 4 GS) in glanzschwarz, ein wirklich wunderprächtiges &#8211; da auch farblich ein absolutes Novum &#8211; Modell. Allerdings ist das Ding furchterregend empfindlich, die Lok darf kaum &#8220;böse angeschaut werden&#8221; schon bleiben Abdrücke im Klarlack.</p><p class="style1 style4" align="center"><img decoding="async" src="https://hausin.com/roland/images/H0%20full/800/Hag%2016500%20Re%2044%20schwarz.JPG" width="800" height="384" /></p><p class="style1 style4"> </p><p class="style1 style4">Uns liess dann die Idee einer glanzschwarzen Re 460 nicht los. André Germanier reservierte dann bei Hag ein glanzschwarzes Sondermodell und erhielt bereits die Katalog-Nummer zugeteilt. Es stellte sich heraus, dass Zolli Bolli eine sehr ähnliche Idee auch hatte, also wurde zusammengespannt resp. Zolli Bolli den Vortritt gelassen. Die wunderprächtige Lok wurde von Zolli Bolli am 5. Dezember 08 in einer Auflage von 20 Stück (15 WS und 5 GS) herausgegeben. Andi und Roland konnten die ersten Loks anlässlich der Hag-Reise ins Appenzellerland gleich abholen. Als Gag wurden der Lok ein weisses Paar Handschuhe beigelegt.</p><p class="style1 style4" align="center"><img decoding="async" src="https://hausin.com/roland/images/H0%20full/Hag%20280%20Re%20460%20ZolliBolli.jpg" width="800" height="293" /></p><p class="style1 style4"> </p><p class="style1 style4">Im Februar 09 wurde dann noch ein inoffizielles schwarzes, zweimotoriges &#8220;Feierabendmodell&#8221; der Ae 8/8 produziert, aber vermutlich nur in zwei Exemplaren. Nach dem was die beste aller Hag-Informationsquellen in Erfahrung bringen konnte, handelt es sich um &#8220;normalschwarze&#8221; Modelle.</p><p class="style1 style4">Im Juli 09 kam auf Initiative von Andi die glanzschwarze Re 465 (mit weisser Bedruckung) in einer Serie von 25 Stück. Die Numerierung lautete xx/30. Hier in der Sammlung befindet sich Nummer 6/30&#8230;.</p><p class="style1 style4" align="center"><img loading="lazy" decoding="async" src="https://hausin.com/roland/images/H0%20full/Hag%2028529%20Re%20465%20Gornergrat%20schwarz.jpg" width="800" height="295" /></p><p class="style1 style4"> </p><p class="style1 style4">Der Grund für die Numerierung war, dass dazu noch 5 Stück in der roten statt weissen Bedruckung kamen und die wurden ab Nr. 25 bezeichnet. In der Sammlung befindet sich Nummer 25/30.</p><p class="style1 style4" align="center"><img loading="lazy" decoding="async" src="https://hausin.com/roland/images/H0%20full/Hag%2028530%20Re%20465%20Gornergrat%20rot%20schwarz.jpg" width="800" height="308" /></p><p class="style1 style4"> </p><p class="style1 style4">Im Oktober 09 gab&#8217;s dann noch einen &#8220;Doppelschlag&#8221; mit der Ae 6/6 Kantonslok Wallis und der Re 6/6 Monthey in glanzschwarz. Die Ae 6/6 mit einer Auflage von 20 (15 WS, 5 GS) erhielt dann auch den Beinamen &#8220;Die schöne Schwarze&#8221;. Zugegebenermassen ist das wirklich ein sehr schönes Modell, aber schöne Schwarze sind eigentlich alle hier abgebildeten Loks.</p><p class="style1 style4" align="center"><img loading="lazy" decoding="async" src="https://hausin.com/roland/images/H0%20full/Hag%20128%20Ae%2066%20schwarz.JPG" width="800" height="360" /></p><p class="style1 style4" align="center"><img loading="lazy" decoding="async" src="https://hausin.com/roland/images/H0%20full/Hag%20203%20Re%2066%20schwarz.JPG" width="800" height="304" /></p><p class="style1 style4"> </p><p class="style1 style4">Andi Germanier beschritt noch einen neuen Weg. Er liess zwei Exemplare einer schwarz-verchromten Re 4/4 III herstellen &#8211; eine echte &#8220;schwarze Perle&#8221;:</p><p class="style1 style4" align="center"><img loading="lazy" decoding="async" src="https://hausin.com/roland/images/H0%20full/800/Hag%2016232%20Re%2044%20III%20schwarz.JPG" width="800" height="451" /></p><p class="style1 style4" align="left">Zur schwarzen Serie passend ist auch ein weiteres prachtvolles &#8220;Werk&#8221; von Andi zu erwähnen. Von der am 7.12.13 ausgelieferten schwarz-verchromten Ae 6/6 Flüelen wurden 5 Exemplare hergestellt &#8211; natürlich zusammen mit den obligaten weissen Handschuhen ausgehändigt:</p><p class="style1 style4" align="center"><img loading="lazy" decoding="async" src="https://hausin.com/roland/images/H0%20full/800/HAG%20S-11132-31%20Ae%2066%20schwarz%20chrom.JPG" width="800" height="337" /></p><p class="style1 style4" align="left">Als Überbleibsel aus der Moba-Tätigkeit von André Germanier war noch ein Modell mit schwarz-verzinktem Gehäuse übrig. Roland realisierte das Projekt unter Mithilfe von Andi, Schwiegersohn Roli, Roger, Bruno und der HAG-Crew. Erstellt wurden 8 Loks mit galvanisch behandeltem Gehäuse plus drei gemalte der Ae 6/6 Vallorbe.</p><p class="style1 style4" align="center"><img loading="lazy" decoding="async" src="https://hausin.com/roland/images/H0%20full/800/HAG%20S-11185%20Ae%2066%20Vallorbe%20b.jpeg" width="800" height="325" /></p><p class="style1 style4" align="left">Von Sonja und Michi stammt diese &#8220;schwarze Schönheit&#8221;, ein HAG-Traktor ganz in Schwarz:</p><p class="style1 style4" align="center"><img loading="lazy" decoding="async" src="https://hausin.com/roland/images/H0%20full/800/HAG%20SOBA%20131%20Te%20101%20schwarz.JPG" width="800" height="750" /></p><p class="style1 style4" align="center"> </p><p class="style1 style4" align="left">Als Versuch produzierten wir (Kälin/Iten/Hausin) eine schwarzverzinkte Re 456 (Resultat nicht befriedigend, Blasenbildung):</p><p class="style1 style4" align="center"><img loading="lazy" decoding="async" src="https://hausin.com/roland/images/H0%20full/800/HAG%20186%20Re%2044%20IV%20schwarz%202.JPG" width="800" height="444" /></p>								</div>
				</div>
				</div>
				</div>
				</div>
					</div>
				</div>
				</div>

<p>HAG-Modelle &#8211; schwarze Serie Vor längerer Zeit gab&#8217;s mal eine Kleinserie von ca. 10 Exemplaren als Variante der Re 460 La Gruyère in mattschwarz. Das mattschwarz überzeugte uns aber nicht</p>
